 t + 1. What is a(r)?
3
Let a be 3*5/(-75) + (-4)/5. Let u(n) = 4*n**3 - n. Determine u(a).
-3
Suppose 2*z = -s - 11, 6*z + 17 = z + s. Let r(f) be the third derivative of -1/30*f**5 - 7/24*f**4 + 0 - f**3 + f**2 + 0*f. Determine r(z).
-10
Let a(u) = -u**3 - 9*u**2 + 23*u + 14. Let p be a(-11). Let m(q) be the first derivative of 1/3*q**p + 3 + 1/2*q**2 + q - 1/4*q**4. What is m(-1)?
2
Let s(r) = r**3 - 4*r**2 + 5*r - 2. Let x be s(3). Let l(c) = c - 1. Let v(p) = p. Let o(a) = -l(a) - v(a). Give o(x).
-7
Let j(k) = 2*k + 16. Let m be j(-8). Let n(f) = -7 - f - f**2 - 6*f + 0*f + m. What is n(-6)?
-1
Suppose 0 = -2*x + 4 + 2. Let b(g) = g**3 - 43*g**2 + 5*g - 3 - 4*g + 39*g**2. Calculate b(x).
-9
Let n(k) be the second derivative of -k**5/12 - 3*k**2/2 + 2*k. Let x(j) be the first derivative of n(j). What is x(-1)?
-5
Let a(u) = -4*u - 2. Let i(t) = 8*t + 5. Let q(b) = -9*a(b) - 4*i(b). Give q(-3).
-14
Let y be (4/6)/(6/45). Let a(s) be the third derivative of -s**3 + 3*s**2 + 0 + 1/12*s**4 + 0*s. Determine a(y).
4
Let z = 11 + -15. Let b(w) = w**2 - 1. Let x(i) = -6*i**2 + 2*i + 7. Let o(p) = -5*b(p) - x(p). Let f(a) be the first derivative of o(a). Determine f(z).
-10
Let o = 26 - 48. Let u be (-4)/22 - 114/o. Let n(c) = 0*c + c**2 - 4*c + c - 4. Determine n(u).
6
Let c(k) = -k - 1. Let w be 152/(-36) - 4/(-18). What is c(w)?
3
Let t(v) = 2*v**2 - 6*v - 4. Let y(w) = -w**2 + 3*w + 2. Let o(s) = -6*t(s) - 11*y(s). Let b = -120 - -124. Give o(b).
-2
Suppose -3*x = -0*x + 9. Let q(j) = -j - 5. Determine q(x).
-2
Let w(j) = -j**3 + j**2 + 4*j - 1. Let n = -4 + 6. Suppose 0 = -n*r - 0*r - 2. Let l = 4 + r. Calculate w(l).
-7
Let s(q) be the third derivative of q**4/24 + q**3/2 - 28*q**2. Determine s(3).
6
Let q(x) = -x**2 - 8*x. Suppose -7*w = -2*s - 3*w - 22, 79 = -5*s - 2*w. Let n be -4 + (-5)/(s/(-9)). Determine q(n).
7
Let s(v) = v**3 - 3*v**2 - 4*v - 3. Suppose 0 = 3*r - 5*t + 21, -4 = 3*r - t + 5. Give s(r).
-15
Let a(d) = d**3 - 7*d**2 + 8*d - 7. Let z be a(6). Let n = -2 + z. Let o(m) = -1 + m - m**2 + 0*m + m**n + 0*m**2. What is o(2)?
5
Let l(r) = -6*r**2 + r + 0*r - 1 - 5*r**2 + 7 - r**3. Determine l(-11).
-5
Let h(w) = w**2 - 2*w - 1. Suppose -2*j - 6 = 4*u + 4, 0 = u + j. Let v(l) = -l**3 - 5*l**2 - 2*l - 7. Let a be v(u). Determine h(a).
2
Let z(p) = -p + 4. Let r(d) = 2*d**2 - 24*d + 26. Let o be r(11). Give z(o).
0
Let l be 6*3/((-18)/4). Let h(j) = 2 - 3 + 0*j - 2*j + j. Calculate h(l).
3
Suppose 1 - 6 = -5*j. Let f be j/(-3)*-2*3. Let n(v) = -3*v**3 - 2 - 7*v**2 - 8*v**3 + 2*v + 12*v**3 + 4*v**2. What is n(f)?
-2
Let v(h) be the first derivative of h**7/840 + h**6/72 + h**5/30 - h**4/24 - 2*h**3/3 + 3. Let c(a) be the third derivative of v(a). Give c(-4).
-1
Let x(o) = -o + 1. Suppose -3*q - 4 = -1. Let a be q/2 - 60/(-8). Suppose -5*u + 32 = -r, -14 = -4*u + 2*r - a*r. Calculate x(u).
-5
Let x(z) be the third derivative of -z**6/360 - z**5/40 - z**4/8 + z**3/6 + 4*z**2. Let k(o) be the first derivative of x(o). Give k(-3).
-3
Let p(k) = 4*k - 1. Let f be 13/4 + 2/(-8). Suppose 2*x = -h, -3*x + 2*h - f*h = -1. Determine p(x).
3
Let b(q) = 2*q**2 - 4*q + 4. Let y be (-30 - -27) + 2*3. Calculate b(y).
10
Let v be (0 + (-4)/3)*3. Let o(i) = i**3 + 4*i**2 - 2*i. Determine o(v).
8
Suppose 0 = -o + 4. Let y(w) = w**2 - 4*w + 8. Let b(g) = -g - 1. Let m(h) = -3*b(h) - y(h). Calculate m(o).
7
Let h be 8/(-6) - (-26)/6. Suppose 4*q - 3*n - 11 = 2*n, -3*q + h*n + 9 = 0. Let d(w) be the second derivative of -w**3/3 + 3*w**2 - w. Calculate d(q).
-2
Let t(k) = -2*k**2 + 5*k - 3. Let q(a) = -13*a - 1. Let m be q(-1). Let p = 15 - m. Calculate t(p).
-6
Let k(l) = l + 1. Let w be k(1). Let f be -1*(w - 1/(-1)). Let y = f + -1. Let x(z) = z**3 + 3*z**2 - 6*z - 5. Determine x(y).
3
Let b(x) = -x**2 + 3 - 5 - 2. Suppose 0 = 3*q - q. Suppose a = -q*a. Give b(a).
-4
Let q(g) be the third derivative of -g**6/120 + g**5/10 - g**4/6 - 2*g**3/3 + 3*g**2. Let r be q(4). Suppose 5*d = d + r. Let x(a) = a**2 - 5*a + 4. Give x(d).
-2
Suppose 0 = -5*j + 3*p + 12, -j + 4*p = 5*p + 4. Let t(m) = 5*m + j*m**2 + m**2 + m**2 - m**2 - 1. What is t(-4)?
-5
Let d(m) be the third derivative of m**6/40 - m**5/30 - m**4/8 + m**3/3 + 6*m**2. Give d(2).
12
Let k(p) = -p + 0*p**3 + 2*p**3 - 1 - p**3. Let g = -151 + 150. What is k(g)?
-1
Suppose 4*i = -1 + 21, -5*u + 15 = i. Let q(m) = 2*m**2 + 7*m - 5. Let l(j) = 2*j**2 + 8*j - 6. Let b(r) = -4*l(r) + 5*q(r). Give b(u).
13
Suppose 0 = 6*w - w + 4*s + 19, 2*s + 2 = 0. Let u(q) = 4 + 3*q - 3*q + 3*q. What is u(w)?
-5
Let q be (-2 + 2)/(-3)*-1. Let g(h) = 1 - 2*h - 1 + q. Determine g(-5).
10
Let h(m) = -m**3 - 49*m + 89*m - 40*m - 9*m**2. Give h(-9).
0
Suppose 0 = q + 2 + 1. Let o(t) = -t - 1. Let g be o(q). Let f(b) = -1 + b**3 + b - 2 - 4*b + 3*b**g. Give f(-4).
-7
Let d(w) = -w**3 + 2*w**2 + 2*w. Suppose 6 = 3*l - l. Suppose l*v + 10 - 1 = 0. Let z be 2*v/3 - -5. What is d(z)?
-3
Let y(v) = -v**3 + v**2 + v - 6. Suppose -3*d = -2*d - 5*p, p = 4*d. Give y(d).
-6
Let o be (-6)/10*(3 - 8). Let q(p) = -6*p + 26. Let y(r) = 2*r - 9. Let a(k) = k. Let m be a(8). Let w(t) = m*y(t) + o*q(t). Calculate w(5).
-4
Let x(d) = -d - 5*d**2 + 5 + d**3 - 6*d + 0*d**3. Calculate x(6).
-1
Suppose 36*f - 37*f - 4 = 0. Let z(b) = -5*b + b + 3*b + 1. What is z(f)?
5
Suppose -2*l + 0*l + 12 = 0. Suppose -5*s - l*y = -4*y - 4, 3*y + 9 = 0. Let h(f) = -3 - 4*f + 9*f - f. Calculate h(s).
5
Let f(b) = 4*b + 7. Let h(c) = 5*c + 8. Let i(x) = -4*f(x) + 3*h(x). Determine i(-5).
1
Let o(n) = -2*n + 4*n**2 - 1 + n**3 - n**2 - 2*n**3. Suppose 0 = 5*z + 3*b - 24, -5*z - 2*b + 31 = 10. Give o(z).
-7
Let f(o) = -o**2 + 7*o - 5. Suppose -4*w + 3*w + 4*z = -7, -3*z = -5*w + 18. Suppose 0*p = -5*p - y + 55, 3*p - 21 = -w*y. Let j = p + -6. Determine f(j).
1
Suppose 0 = -i + y - 4, 0 = -2*i - 0*y + 5*y - 5. Let x(o) = -o**2 - 9*o - 1. What is x(i)?
19
Let g(d) = -5*d**2 + 13 + d**3 - 6 + 0*d**3 - 7*d. Suppose -24 = -3*u + 3*w - 0*w, -u - 4*w = 2. What is g(u)?
1
Suppose -35*n = -40*n - 15. Let j(z) = -2*z**2 - 4*z. Determine j(n).
-6
Let r(b) = -b**2 + 5*b - 2. Suppose z = -2*a + 15, z = 3*a - 1 - 9. What is r(a)?
-2
Suppose 3*g = 5 - 11. Let t(r) = 3 - 4*r**2 - 3 - 2 - 3*r. Give t(g).
-12
Let k(u) = -u**3 + 3*u**2 - 2*u + 1. Let p be 2/4*(11 + -7). Give k(p).
1
Let t(v) = v**3 + v**2 + 1. Let a(h) = 3*h**3 + 5*h**2 + 4*h + 5. Let f(z) = -a(z) + 4*t(z). Give f(3).
5
Let k = 2 - 3. Suppose 1 = c - 2. Let t(j) = 0*j + j - 2*j**2 - c*j - 1. Give t(k).
-1
Let q(t) = -6 - 10*t - t**3 - 4*t**2 - 3 + 0 - 5*t**2. Calculate q(-8).
7
Let c(n) = 9*n**2 + n + 3. Let m(s) = 18*s**2 + 2*s + 5. Let y(h) = 7*c(h) - 4*m(h). Determine y(1).
-9
Let x(y) = -9*y**2 - 3*y. Let b(r) = 26*r**2 + 8*r. Let v(s) = 4*b(s) + 11*x(s). Give v(-1).
6
Let g(u) = u - 1. Let f = 28 - 4. Suppose t + 7 = c, -4*c - t + f = -4*t. Determine g(c).
2
Let t = 3 - 1. Let x(b) = -3*b**2 + 2*b. Let g(f) = -3*f**2 + 2*f - 1. Let y(w) = -2*g(w) + 3*x(w). Calculate y(t).
-6
Let a(m) = m - 1. Let y = -13 - -23. Suppose y + 0 = -2*n. Determine a(n).
-6
Let u(y) = 8*y + 1. Let r = 8 + -5. Suppose 3*j + r = -0*j. Determine u(j).
-7
Let n(c) be the third derivative of c**4/6 - c**3/2 - 51*c**2. Give n(2).
5
Let u(g) = g**2 - g. Let b(o) = -o**3 - 4*o**2 - 7*o - 2. Let p(q) = -b(q) + 2*u(q). Calculate p(-5).
2
Let g be (2 + -1)*(-1 - -3). Let u(f) be the second derivative of f**4/6 - f**3/2 + f**2 - 2*f. Determine u(g).
4
Let k = 8 - 5. Let o(s) be the first derivative of -k*s - s**2 + 1/4*s**4 - 2 + 2/3*s**3. Give o(-3).
-6
Let x = 4 - 9. Let s(h) = -8*h - 13. Let o(k) = -k - 1. Let p(l) = 6*o(l) - s(l). What is p(x)?
-3
Suppose -17*j + 19*j = 0. Let a(v) = -v**2 - 4. What is a(j)?
-4
Let l(d) = d**3 + 4*d**2 - 5*d + 1. Let j be l(-5). Let h(u) = 23*u**3 + u**2. What is h(j)?
24
Let f(v) be the second derivative of -v**4/12 - 2*v**3/3 - v**2/2 - 21*v. Give f(-5).
-6
Let i(b) be the first derivative of b**3 + b**2/2 - b - 2. Let w = 6 - 5. Let y be i(w). Let x(s) = -3*s + 2. Give x(y).
-7
Let l(f) = 2*f**3 - 4*f**2 + 4*f - 3. Suppose 4*a + 39 = -4*d + 7, -3*a + 3*d = 48. Let b be ((-3)/1)/(18/a). Calculate l(b).
5
Let l be 25/8 - (-7)/(-56). Let s(g) be the third derivative of 5/6*g**3 + 1/120*g**6 + 0 + 0*g +